{"id":105,"date":"2026-04-13T03:05:56","date_gmt":"2026-04-13T03:05:56","guid":{"rendered":"https:\/\/fun88dt.com\/index.php\/no-hu-fun88\/"},"modified":"2026-04-13T03:11:15","modified_gmt":"2026-04-13T03:11:15","slug":"no-hu-fun88","status":"publish","type":"page","link":"https:\/\/fun88dt.com\/index.php\/no-hu-fun88\/","title":{"rendered":"N\u1ed5 H\u0169 FUN88 &#8211; B\u00ed Quy\u1ebft S\u0103n Jackpot \u0110\u1ec9nh Cao N\u0103m 2026"},"content":{"rendered":"<p style=\"text-align: justify;\"><a href=\"https:\/\/fun88dt.com\/no-hu-fun88\/\" target=\"_blank\" rel=\"noopener\"><strong>N\u1ed5 h\u0169 FUN88<\/strong><\/a> kh\u1edfi \u0111\u1ea7u nh\u01b0 m\u1ed9t s\u1ef1 \u0111\u1ed9t ph\u00e1 trong l\u0129nh v\u1ef1c gi\u1ea3i tr\u00ed tr\u1ef1c tuy\u1ebfn. Nh\u1eefng thu\u1eadt to\u00e1n ng\u1eabu nhi\u00ean th\u1ebf h\u1ec7 m\u1edbi kh\u00f4ng ch\u1ec9 mang l\u1ea1i s\u1ef1 c\u00f4ng b\u1eb1ng tuy\u1ec7t \u0111\u1ed1i cho m\u1ed7i v\u00f2ng quay m\u00e0 c\u00f2n m\u1edf ra kh\u00f4ng gian t\u01b0\u01a1ng t\u00e1c s\u1ed1ng \u0111\u1ed9ng. Vi\u1ec7c s\u1edf h\u1eefu ch\u1ee9ng minh ho\u1ea1t \u0111\u1ed9ng t\u1eeb c\u00e1c t\u1ed5 ch\u1ee9c c\u00e1 c\u01b0\u1ee3c qu\u1ed1c t\u1ebf uy t\u00edn \u0111\u00e3 kh\u1eb3ng \u0111\u1ecbnh v\u1ecb th\u1ebf d\u1eabn \u0111\u1ea7u c\u1ee7a h\u1ec7 sinh th\u00e1i tr\u00f2 ch\u01a1i t\u1ea1i <a href=\"https:\/\/fun88dt.com\/\" target=\"_blank\" rel=\"noopener\"><strong>FUN88<\/strong><\/a>.<\/p>\n<h2 style=\"text-align: justify;\"><strong>Kh\u00e1m ph\u00e1 s\u1ea3nh ch\u01a1i n\u1ed5 h\u0169 FUN88 \u0111\u1eb3ng c\u1ea5p<\/strong><\/h2>\n<figure id=\"attachment_46\" aria-describedby=\"caption-attachment-46\" style=\"width: 800px\" class=\"wp-caption aligncenter\"><img loading=\"lazy\" decoding=\"async\" class=\"wp-image-46 size-full\" src=\"https:\/\/fun88dt.com\/wp-content\/uploads\/2026\/04\/trai-nghiem-giai-tri-tai-sanh-no-hu-fun88.webp\" alt=\"Tr\u1ea3i nghi\u1ec7m gi\u1ea3i tr\u00ed t\u1ea1i s\u1ea3nh n\u1ed5 h\u0169 FUN88\" width=\"800\" height=\"400\" srcset=\"https:\/\/fun88dt.com\/wp-content\/uploads\/2026\/04\/trai-nghiem-giai-tri-tai-sanh-no-hu-fun88.webp 800w, https:\/\/fun88dt.com\/wp-content\/uploads\/2026\/04\/trai-nghiem-giai-tri-tai-sanh-no-hu-fun88-300x150.webp 300w, https:\/\/fun88dt.com\/wp-content\/uploads\/2026\/04\/trai-nghiem-giai-tri-tai-sanh-no-hu-fun88-768x384.webp 768w\" sizes=\"auto, (max-width: 800px) 100vw, 800px\" \/><figcaption id=\"caption-attachment-46\" class=\"wp-caption-text\">Tr\u1ea3i nghi\u1ec7m gi\u1ea3i tr\u00ed t\u1ea1i s\u1ea3nh n\u1ed5 h\u0169 FUN88<\/figcaption><\/figure>\n<p style=\"text-align: justify;\">C\u1ea5u tr\u00fac h\u1ea1 t\u1ea7ng c\u1ee7a s\u1ea3nh c\u01b0\u1ee3c <strong>n\u1ed5 h\u0169 FUN88<\/strong> \u0111\u01b0\u1ee3c x\u00e2y d\u1ef1ng tr\u00ean n\u1ec1n t\u1ea3ng \u0111\u00e1m m\u00e2y hi\u1ec7n \u0111\u1ea1i nh\u1eb1m \u0111\u1ea3m b\u1ea3o t\u1ed1c \u0111\u1ed9 truy c\u1eadp m\u01b0\u1ee3t m\u00e0 nh\u1ea5t ngay c\u1ea3 trong gi\u1edd cao \u0111i\u1ec3m. S\u1ef1 ph\u00e2n h\u00f3a \u0111a d\u1ea1ng c\u00e1c d\u00f2ng game t\u1eeb c\u1ed5 \u0111i\u1ec3n \u0111\u1ebfn hi\u1ec7n \u0111\u1ea1i gi\u00fap h\u1ed9i vi\u00ean d\u1ec5 d\u00e0ng t\u00ecm th\u1ea5y l\u1ef1a ch\u1ecdn ph\u00f9 h\u1ee3p v\u1edbi s\u1edf h\u1eefu c\u00e1 nh\u00e2n v\u00e0 chi\u1ebfn thu\u1eadt t\u00e0i ch\u00ednh ri\u00eang bi\u1ec7t.<\/p>\n<h3 style=\"text-align: justify;\"><strong>\u0110\u1ed3 h\u1ecda h\u00ecnh \u1ea3nh si\u00eau th\u1ef1c<\/strong><\/h3>\n<p style=\"text-align: justify;\">To\u00e0n b\u1ed9 c\u00e1c bi\u1ec3u t\u01b0\u1ee3ng trong tr\u00f2 ch\u01a1i \u0111\u1ec1u \u0111\u01b0\u1ee3c thi\u1ebft k\u1ebf t\u1ec9 m\u1ec9 d\u01b0\u1edbi \u0111\u1ecbnh d\u1ea1ng 3D mang l\u1ea1i c\u1ea3m gi\u00e1c ch\u00e2n th\u1ef1c nh\u01b0 \u0111ang \u0111\u1ee9ng tr\u01b0\u1edbc m\u1ed9t m\u00e1y slot machine t\u1ea1i c\u00e1c s\u00f2ng b\u00e0i Las Vegas. M\u00e0u s\u1eafc r\u1ef1c r\u1ee1 k\u1ebft h\u1ee3p v\u1edbi c\u00e1c hi\u1ec7u \u1ee9ng n\u1ed5 qu\u1ef9 th\u01b0\u1edfng b\u00f9ng n\u1ed5 gi\u00fap k\u00edch th\u00edch th\u1ecb gi\u00e1c v\u00e0 t\u1ea1o n\u00ean ngu\u1ed3n c\u1ea3m h\u1ee9ng b\u1ea5t t\u1eadn cho m\u1ed7i l\u1ea7n b\u1ea5m n\u00fat kh\u1edfi \u0111\u1ed9ng.<\/p>\n<h3 style=\"text-align: justify;\"><strong>T\u1ef7 l\u1ec7 ho\u00e0n tr\u1ea3 \u1ea5n t\u01b0\u1ee3ng<\/strong><\/h3>\n<p style=\"text-align: justify;\">Ch\u1ec9 s\u1ed1 RTP trong c\u00e1c t\u1ef1a game t\u1ea1i <strong>n\u1ed5 h\u0169 FUN88<\/strong> th\u01b0\u1eddng duy tr\u00ec \u1edf m\u1ee9c dao \u0111\u1ed9ng t\u1eeb 96% \u0111\u1ebfn 98%, m\u1ed9t con s\u1ed1 l\u00fd t\u01b0\u1edfng gi\u00fap b\u1ea3o to\u00e0n ngu\u1ed3n v\u1ed1n c\u1ee7a ng\u01b0\u1eddi tham gia trong d\u00e0i h\u1ea1n. C\u01a1 ch\u1ebf t\u00edch l\u0169y gi\u1ea3i th\u01b0\u1edfng c\u1ed9ng d\u1ed3n gi\u00fap cho gi\u00e1 tr\u1ecb c\u00e1c h\u0169 l\u1edbn kh\u00f4ng ng\u1eebng gia t\u0103ng, \u0111\u00f4i khi \u0111\u1ea1t m\u1ee9c h\u00e0ng t\u1ef7 \u0111\u1ed3ng ch\u1ec9 sau m\u1ed9t th\u1eddi gian ng\u1eafn v\u1eadn h\u00e0nh.<\/p>\n<h3 style=\"text-align: justify;\"><strong>H\u1ec7 th\u1ed1ng \u00e2m thanh s\u1ed1ng \u0111\u1ed9ng<\/strong><\/h3>\n<p style=\"text-align: justify;\">Ti\u1ebfng nh\u1ea1c n\u1ec1n k\u1ecbch t\u00ednh h\u00f2a quy\u1ec7n c\u00f9ng \u00e2m thanh l\u00e1ch c\u00e1ch c\u1ee7a c\u00e1c v\u00f2ng quay v\u00e0 ti\u1ebfng xu r\u01a1i t\u1ea1o n\u00ean m\u1ed9t kh\u00f4ng gian \u00e2m thanh \u0111\u1ea7y ph\u1ea5n kh\u00edch, th\u00f4i th\u00fac tinh th\u1ea7n ng\u01b0\u1eddi ch\u01a1i. M\u1ecdi \u00e2m thanh \u0111\u1ec1u \u0111\u01b0\u1ee3c x\u1eed l\u00fd b\u1eb1ng c\u00f4ng ngh\u1ec7 l\u1ecdc t\u1ea1p \u00e2m chu\u1ea9n ph\u00f2ng thu, \u0111\u1ea3m b\u1ea3o s\u1ef1 trong tr\u1ebbo v\u00e0 kh\u00f4ng g\u00e2y c\u1ea3m gi\u00e1c m\u1ec7t m\u1ecfi cho th\u00ednh gi\u00e1c khi tr\u1ea3i nghi\u1ec7m l\u00e2u d\u00e0i.<\/p>\n<h2 style=\"text-align: justify;\"><strong>C\u00e1ch ti\u1ebfp c\u1eadn tr\u00f2 ch\u01a1i n\u1ed5 h\u0169 FUN88 chu\u1ea9n<\/strong><\/h2>\n<figure id=\"attachment_45\" aria-describedby=\"caption-attachment-45\" style=\"width: 800px\" class=\"wp-caption aligncenter\"><img loading=\"lazy\" decoding=\"async\" class=\"wp-image-45 size-full\" src=\"https:\/\/fun88dt.com\/wp-content\/uploads\/2026\/04\/quy-trinh-thuc-hien-dat-cuoc-san-hu.webp\" alt=\"Quy tr\u00ecnh th\u1ef1c hi\u1ec7n \u0111\u1eb7t c\u01b0\u1ee3c s\u0103n h\u0169\" width=\"800\" height=\"400\" srcset=\"https:\/\/fun88dt.com\/wp-content\/uploads\/2026\/04\/quy-trinh-thuc-hien-dat-cuoc-san-hu.webp 800w, https:\/\/fun88dt.com\/wp-content\/uploads\/2026\/04\/quy-trinh-thuc-hien-dat-cuoc-san-hu-300x150.webp 300w, https:\/\/fun88dt.com\/wp-content\/uploads\/2026\/04\/quy-trinh-thuc-hien-dat-cuoc-san-hu-768x384.webp 768w\" sizes=\"auto, (max-width: 800px) 100vw, 800px\" \/><figcaption id=\"caption-attachment-45\" class=\"wp-caption-text\">Quy tr\u00ecnh th\u1ef1c hi\u1ec7n \u0111\u1eb7t c\u01b0\u1ee3c s\u0103n h\u0169<\/figcaption><\/figure>\n<p style=\"text-align: justify;\">\u0110\u1ec3 t\u1ed1i \u01b0u h\u00f3a kh\u1ea3 n\u0103ng chi\u1ebfn th\u1eafng, ng\u01b0\u1eddi tham gia <strong>n\u1ed5 h\u0169 FUN88 <\/strong>c\u1ea7n n\u1eafm v\u1eefng c\u00e1c b\u01b0\u1edbc v\u1eadn h\u00e0nh h\u1ec7 th\u1ed1ng t\u1eeb kh\u00e2u qu\u1ea3n l\u00fd t\u00e0i kho\u1ea3n cho \u0111\u1ebfn vi\u1ec7c l\u1ef1a ch\u1ecdn h\u00e0ng thanh to\u00e1n th\u00f4ng minh. Vi\u1ec7c k\u1ebft n\u1ed1i \u1ed5n \u0111\u1ecbnh v\u1edbi h\u1ec7 th\u1ed1ng m\u00e1y ch\u1ee7 l\u00e0 y\u1ebfu t\u1ed1 ti\u00ean quy\u1ebft gi\u00fap c\u00e1c thu\u1eadt to\u00e1n quay th\u01b0\u1edfng di\u1ec5n ra m\u1ed9t c\u00e1ch chu\u1ea9n x\u00e1c v\u00e0 kh\u00f4ng b\u1ecb gi\u00e1n \u0111o\u1ea1n.<\/p>\n<p style=\"text-align: justify;\">D\u01b0\u1edbi \u0111\u00e2y l\u00e0 b\u1ea3ng th\u00f4ng s\u1ed1 v\u1ec1 m\u1ed9t s\u1ed1 tr\u00f2 ch\u01a1i ti\u00eau bi\u1ec3u \u0111ang \u0111\u01b0\u1ee3c \u01b0a chu\u1ed9ng hi\u1ec7n nay:<\/p>\n<h3 style=\"text-align: justify;\"><strong>\u0110\u0103ng k\u00fd t\u00e0i kho\u1ea3n ch\u00ednh ch\u1ee7<\/strong><\/h3>\n<p style=\"text-align: justify;\">Qu\u00e1 tr\u00ecnh kh\u1edfi t\u1ea1o \u0111\u1ecbnh danh y\u00eau c\u1ea7u ng\u01b0\u1eddi ch\u01a1i cung c\u1ea5p c\u00e1c th\u00f4ng tin x\u00e1c th\u1ef1c \u0111\u1ec3 b\u1ea3o v\u1ec7 quy\u1ec1n l\u1ee3i c\u00e1 nh\u00e2n c\u0169ng nh\u01b0 th\u1ef1c hi\u1ec7n c\u00e1c giao d\u1ecbch n\u1ea1p r\u00fat ti\u1ec1n thu\u1eadn l\u1ee3i. M\u1ed9t h\u1ed3 s\u01a1 s\u1ea1ch v\u00e0 minh b\u1ea1ch l\u00e0 n\u1ec1n t\u1ea3ng \u0111\u1ec3 h\u1ec7 th\u1ed1ng c\u1ee7a <strong>FUN88<\/strong> \u00e1p d\u1ee5ng c\u00e1c ch\u00ednh s\u00e1ch \u01b0u \u0111\u00e3i d\u00e0nh ri\u00eang cho h\u1ed9i vi\u00ean ch\u00ednh th\u1ee9c m\u1ed9t c\u00e1ch c\u00f4ng b\u1eb1ng.<\/p>\n<h3 style=\"text-align: justify;\"><strong>N\u1ea1p ti\u1ec1n v\u00e0o t\u00e0i kho\u1ea3n<\/strong><\/h3>\n<p style=\"text-align: justify;\">H\u1ed9i vi\u00ean c\u00f3 th\u1ec3 l\u1ef1a ch\u1ecdn nhi\u1ec1u ph\u01b0\u01a1ng th\u1ee9c thanh to\u00e1n linh ho\u1ea1t t\u1eeb chuy\u1ec3n kho\u1ea3n ng\u00e2n h\u00e0ng \u0111\u1ebfn v\u00ed \u0111i\u1ec7n t\u1eed v\u1edbi t\u1ed1c \u0111\u1ed9 x\u1eed l\u00fd giao d\u1ecbch ch\u1ec9 t\u00ednh b\u1eb1ng ph\u00fat. Vi\u1ec7c duy tr\u00ec m\u1ed9t s\u1ed1 d\u01b0 \u1ed5n \u0111\u1ecbnh trong qu\u1ef9 c\u01b0\u1ee3c cho ph\u00e9p b\u1ea1n tri\u1ec3n khai c\u00e1c chi\u1ebfn thu\u1eadt g\u1ea5p th\u1ebfp ho\u1eb7c xoay v\u00f2ng v\u1ed1n linh ho\u1ea1t khi nh\u1eadn th\u1ea5y t\u00edn hi\u1ec7u n\u1ed5 qu\u1ef9 s\u1eafp xu\u1ea5t hi\u1ec7n.<\/p>\n<h3 style=\"text-align: justify;\"><strong>L\u1ef1a ch\u1ecdn t\u1ef1a n\u1ed5 h\u0169 FUN88<\/strong><\/h3>\n<p style=\"text-align: justify;\">Ng\u01b0\u1eddi ch\u01a1i n\u00ean \u01b0u ti\u00ean c\u00e1c tr\u00f2 ch\u01a1i c\u00f3 l\u1ecbch s\u1eed n\u1ed5 qu\u1ef9 g\u1ea7n nh\u1ea5t ho\u1eb7c nh\u1eefng s\u1ea3nh c\u01b0\u1ee3c \u0111ang c\u00f3 l\u01b0\u1ee3ng ng\u01b0\u1eddi tham gia \u0111\u00f4ng \u0111\u1ea3o \u0111\u1ec3 t\u1eadn d\u1ee5ng quy lu\u1eadt ph\u00e2n ph\u1ed1i ti\u1ec1n th\u01b0\u1edfng. S\u1ef1 hi\u1ec3u bi\u1ebft v\u1ec1 \u00fd ngh\u0129a c\u1ee7a t\u1eebng bi\u1ec3u t\u01b0\u1ee3ng Wild hay Scatter trong m\u1ed7i tr\u00f2 ch\u01a1i s\u1ebd gi\u00fap b\u1ea1n d\u1ef1 \u0111o\u00e1n \u0111\u01b0\u1ee3c x\u00e1c su\u1ea5t xu\u1ea5t hi\u1ec7n c\u1ee7a c\u00e1c v\u00f2ng quay mi\u1ec5n ph\u00ed c\u00f3 gi\u00e1 tr\u1ecb cao.<\/p>\n<h3 style=\"text-align: justify;\"><strong>Qu\u1ea3n l\u00fd c\u00e1c d\u00f2ng c\u01b0\u1ee3c<\/strong><\/h3>\n<p style=\"text-align: justify;\">Thay v\u00ec \u0111\u1eb7t c\u01b0\u1ee3c v\u00e0o t\u1ea5t c\u1ea3 c\u00e1c d\u00f2ng, h\u00e3y c\u00e2n nh\u1eafc ph\u00e2n b\u1ed5 ngu\u1ed3n l\u1ef1c v\u00e0o nh\u1eefng t\u1ed5 h\u1ee3p c\u00f3 x\u00e1c su\u1ea5t xu\u1ea5t hi\u1ec7n cao nh\u1ea5t d\u1ef1a tr\u00ean b\u1ea3ng th\u1ed1ng k\u00ea k\u1ebft qu\u1ea3 c\u1ee7a <strong>FUN88<\/strong>. Vi\u1ec7c l\u00e0m ch\u1ee7 c\u00e1c n\u00fat ch\u1ee9c n\u0103ng nh\u01b0 Auto Spin hay Turbo Spin m\u1ed9t c\u00e1ch \u0111i\u1ec1u \u0111\u1ed9 s\u1ebd gi\u00fap duy tr\u00ec nh\u1ecbp \u0111\u1ed9 cu\u1ed9c ch\u01a1i m\u00e0 kh\u00f4ng l\u00e0m ti\u00eau t\u1ed1n ng\u00e2n s\u00e1ch m\u1ed9t c\u00e1ch l\u00e3ng ph\u00ed.<\/p>\n<h2 style=\"text-align: justify;\"><strong>Chi\u1ebfn thu\u1eadt t\u1ed1i \u01b0u khi ch\u01a1i n\u1ed5 h\u0169 FUN88<\/strong><\/h2>\n<figure id=\"attachment_44\" aria-describedby=\"caption-attachment-44\" style=\"width: 800px\" class=\"wp-caption aligncenter\"><img loading=\"lazy\" decoding=\"async\" class=\"wp-image-44 size-full\" src=\"https:\/\/fun88dt.com\/wp-content\/uploads\/2026\/04\/phuong-phap-quay-hu-online-dat-hieu-qua-cao.webp\" alt=\"Ph\u01b0\u01a1ng ph\u00e1p quay h\u0169 online \u0111\u1ea1t hi\u1ec7u qu\u1ea3 cao\" width=\"800\" height=\"400\" srcset=\"https:\/\/fun88dt.com\/wp-content\/uploads\/2026\/04\/phuong-phap-quay-hu-online-dat-hieu-qua-cao.webp 800w, https:\/\/fun88dt.com\/wp-content\/uploads\/2026\/04\/phuong-phap-quay-hu-online-dat-hieu-qua-cao-300x150.webp 300w, https:\/\/fun88dt.com\/wp-content\/uploads\/2026\/04\/phuong-phap-quay-hu-online-dat-hieu-qua-cao-768x384.webp 768w\" sizes=\"auto, (max-width: 800px) 100vw, 800px\" \/><figcaption id=\"caption-attachment-44\" class=\"wp-caption-text\">Ph\u01b0\u01a1ng ph\u00e1p quay h\u0169 online \u0111\u1ea1t hi\u1ec7u qu\u1ea3 cao<\/figcaption><\/figure>\n<p style=\"text-align: justify;\">K\u1ef9 n\u0103ng \u0111i\u1ec1u ti\u1ebft d\u00f2ng ti\u1ec1n v\u00e0 ch\u1ecdn th\u1eddi \u0111i\u1ec3m tham gia <strong>n\u1ed5 h\u0169 FUN88 <\/strong>quy\u1ebft \u0111\u1ecbnh \u0111\u1ebfn h\u01a1n 70% th\u00e0nh b\u1ea1i c\u1ee7a m\u1ed9t phi\u00ean quay s\u1ed1 \u0111\u1ed5i th\u01b0\u1edfng chuy\u00ean nghi\u1ec7p. Nh\u1eefng c\u00e1 nh\u00e2n th\u00e0nh c\u00f4ng th\u01b0\u1eddng kh\u00f4ng d\u1ef1a d\u1eabm ho\u00e0n to\u00e0n v\u00e0o v\u1eadn may m\u00e0 h\u1ecd s\u1edf h\u1eefu nh\u1eefng b\u1ed9 quy t\u1eafc nghi\u00eam ng\u1eb7t v\u1ec1 vi\u1ec7c d\u1eebng \u0111\u00fang l\u00fac v\u00e0 t\u1ea5n c\u00f4ng \u0111\u00fang th\u1eddi \u0111i\u1ec3m.<\/p>\n<ul style=\"text-align: justify;\">\n<li>X\u00e1c \u0111\u1ecbnh r\u00f5 r\u00e0ng ng\u00e2n s\u00e1ch d\u00e0nh cho ho\u1ea1t \u0111\u1ed9ng gi\u1ea3i tr\u00ed m\u1ed7i ng\u00e0y v\u00e0 tuy\u1ec7t \u0111\u1ed1i kh\u00f4ng x\u00e2m ph\u1ea1m v\u00e0o ngu\u1ed3n v\u1ed1n d\u00e0nh cho c\u00e1c chi ph\u00ed sinh ho\u1ea1t thi\u1ebft y\u1ebfu kh\u00e1c.<\/li>\n<li>T\u1eadn d\u1ee5ng tri\u1ec7t \u0111\u1ec3 c\u00e1c ch\u01b0\u01a1ng tr\u00ecnh khuy\u1ebfn m\u00e3i ho\u00e0n tr\u1ea3 v\u00e0 v\u00f2ng quay t\u1eb7ng k\u00e8m m\u00e0 h\u1ec7 th\u1ed1ng <strong>n\u1ed5 h\u0169 FUN88<\/strong> cung c\u1ea5p \u0111\u1ec3 gia t\u0103ng c\u01a1 h\u1ed9i tr\u1ea3i nghi\u1ec7m kh\u00f4ng m\u1ea5t ph\u00ed.<\/li>\n<li>Theo d\u00f5i bi\u1ebfn \u0111\u1ed9ng c\u1ee7a qu\u1ef9 th\u01b0\u1edfng Jackpot v\u00e0o c\u00e1c khung gi\u1edd v\u00e0ng nh\u01b0 n\u1eeda \u0111\u00eam ho\u1eb7c r\u1ea1ng s\u00e1ng, th\u1eddi \u0111i\u1ec3m m\u00e0 thu\u1eadt to\u00e1n th\u01b0\u1eddng c\u00f3 xu h\u01b0\u1edbng gi\u1ea3i ph\u00f3ng l\u01b0\u1ee3ng l\u1edbn ti\u1ec1n t\u00edch l\u0169y.<\/li>\n<li>Ghi ch\u00e9p l\u1ea1i l\u1ecbch s\u1eed c\u00e1c v\u00f2ng quay c\u00f3 k\u1ebft qu\u1ea3 \u0111\u1ed9t bi\u1ebfn \u0111\u1ec3 t\u00ecm ra quy lu\u1eadt ph\u00e2n ph\u1ed1i bi\u1ec3u t\u01b0\u1ee3ng c\u1ee7a t\u1eebng t\u1ef1a game c\u1ee5 th\u1ec3, t\u1eeb \u0111\u00f3 t\u1ed1i \u01b0u h\u00f3a x\u00e1c su\u1ea5t th\u1eafng l\u1ee3i.<\/li>\n<\/ul>\n<h2 style=\"text-align: justify;\"><strong>K\u1ebft lu\u1eadn<\/strong><\/h2>\n<p style=\"text-align: justify;\"><strong>N\u1ed5 h\u0169 FUN88<\/strong> kh\u1eb3ng \u0111\u1ecbnh gi\u00e1 tr\u1ecb v\u01b0\u1ee3t tr\u1ed9i th\u00f4ng qua s\u1ef1 k\u1ebft h\u1ee3p tinh t\u1ebf gi\u1eefa c\u00f4ng ngh\u1ec7 gi\u1ea3i tr\u00ed hi\u1ec7n \u0111\u1ea1i v\u00e0 c\u01a1 ch\u1ebf tr\u1ea3 th\u01b0\u1edfng c\u00f4ng b\u1eb1ng, minh b\u1ea1ch cho m\u1ecdi h\u1ed9i vi\u00ean. H\u00e3y b\u1eaft \u0111\u1ea7u h\u00e0nh tr\u00ecnh chinh ph\u1ee5c nh\u1eefng v\u00f2ng quay \u0111\u1ea7y m\u00ea ho\u1eb7c t\u1ea1i <strong>FUN88<\/strong> ngay h\u00f4m nay \u0111\u1ec3 bi\u1ebfn gi\u1ea5c m\u01a1 s\u1edf h\u1eefu nh\u1eefng kh\u1ed1i t\u00e0i s\u1ea3n kh\u1ed5ng l\u1ed3 th\u00e0nh hi\u1ec7n th\u1ef1c.<\/p>\n","protected":false},"excerpt":{"rendered":"<p>N\u1ed5 h\u0169 FUN88 kh\u1edfi \u0111\u1ea7u nh\u01b0 m\u1ed9t s\u1ef1 \u0111\u1ed9t ph\u00e1 trong l\u0129nh v\u1ef1c gi\u1ea3i tr\u00ed tr\u1ef1c tuy\u1ebfn. Nh\u1eefng thu\u1eadt to\u00e1n ng\u1eabu nhi\u00ean th\u1ebf h\u1ec7 m\u1edbi kh\u00f4ng ch\u1ec9 mang l\u1ea1i s\u1ef1 c\u00f4ng b\u1eb1ng tuy\u1ec7t \u0111\u1ed1i cho m\u1ed7i v\u00f2ng quay m\u00e0 c\u00f2n m\u1edf ra kh\u00f4ng gian t\u01b0\u01a1ng t\u00e1c s\u1ed1ng \u0111\u1ed9ng. Vi\u1ec7c s\u1edf h\u1eefu ch\u1ee9ng minh ho\u1ea1t \u0111\u1ed9ng [&#8230;]\n","protected":false},"author":1,"featured_media":43,"parent":0,"menu_order":0,"comment_status":"closed","ping_status":"closed","template":"","meta":{"footnotes":""},"class_list":["post-105","page","type-page","status-publish","has-post-thumbnail","hentry"],"_links":{"self":[{"href":"https:\/\/fun88dt.com\/index.php\/wp-json\/wp\/v2\/pages\/105","targetHints":{"allow":["GET"]}}],"collection":[{"href":"https:\/\/fun88dt.com\/index.php\/wp-json\/wp\/v2\/pages"}],"about":[{"href":"https:\/\/fun88dt.com\/index.php\/wp-json\/wp\/v2\/types\/page"}],"author":[{"embeddable":true,"href":"https:\/\/fun88dt.com\/index.php\/wp-json\/wp\/v2\/users\/1"}],"replies":[{"embeddable":true,"href":"https:\/\/fun88dt.com\/index.php\/wp-json\/wp\/v2\/comments?post=105"}],"version-history":[{"count":1,"href":"https:\/\/fun88dt.com\/index.php\/wp-json\/wp\/v2\/pages\/105\/revisions"}],"predecessor-version":[{"id":120,"href":"https:\/\/fun88dt.com\/index.php\/wp-json\/wp\/v2\/pages\/105\/revisions\/120"}],"wp:featuredmedia":[{"embeddable":true,"href":"https:\/\/fun88dt.com\/index.php\/wp-json\/wp\/v2\/media\/43"}],"wp:attachment":[{"href":"https:\/\/fun88dt.com\/index.php\/wp-json\/wp\/v2\/media?parent=105"}],"curies":[{"name":"wp","href":"https:\/\/api.w.org\/{rel}","templated":true}]}}