{"id":111,"date":"2026-04-13T03:06:56","date_gmt":"2026-04-13T03:06:56","guid":{"rendered":"https:\/\/fun88dt.com\/index.php\/chinh-sach-bao-mat-fun88\/"},"modified":"2026-04-13T03:09:16","modified_gmt":"2026-04-13T03:09:16","slug":"chinh-sach-bao-mat-fun88","status":"publish","type":"page","link":"https:\/\/fun88dt.com\/index.php\/chinh-sach-bao-mat-fun88\/","title":{"rendered":"Ch\u00ednh s\u00e1ch b\u1ea3o m\u1eadt FUN88 v\u00e0 c\u00e1c ti\u00eau chu\u1ea9n an to\u00e0n th\u00f4ng tin n\u0103m 2026"},"content":{"rendered":"<p style=\"text-align: justify;\"><a href=\"https:\/\/fun88dt.com\/chinh-sach-bao-mat-fun88\/\" target=\"_blank\" rel=\"noopener\"><strong>Ch\u00ednh s\u00e1ch b\u1ea3o m\u1eadt FUN88<\/strong><\/a> \u0111\u1ea1i di\u1ec7n cho cam k\u1ebft ki\u00ean \u0111\u1ecbnh c\u1ee7a nh\u00e0 c\u00e1i trong vi\u1ec7c ki\u1ebfn t\u1ea1o m\u1ed9t m\u00f4i tr\u01b0\u1eddng gi\u1ea3i tr\u00ed tr\u1ef1c tuy\u1ebfn l\u00e0nh m\u1ea1nh v\u00e0 an to\u00e0n tuy\u1ec7t \u0111\u1ed1i tr\u01b0\u1edbc nh\u1eefng nguy c\u01a1 an ninh m\u1ea1ng. B\u1eb1ng c\u00e1ch \u00e1p d\u1ee5ng c\u00e1c giao th\u1ee9c k\u1ef9 thu\u1eadt ti\u00ean ti\u1ebfn nh\u1ea5t hi\u1ec7n nay, h\u1ec7 th\u1ed1ng \u0111\u1ea3m b\u1ea3o r\u1eb1ng m\u1ecdi th\u00f4ng tin nh\u1ea1y c\u1ea3m li\u00ean quan \u0111\u1ebfn t\u00e0i ch\u00ednh v\u00e0 \u0111\u1ecbnh danh ng\u01b0\u1eddi d\u00f9ng \u0111\u1ec1u \u0111\u01b0\u1ee3c gi\u1eef k\u00edn trong m\u00f4i tr\u01b0\u1eddng l\u01b0u tr\u1eef bi\u1ec7t l\u1eadp. S\u1ef1 minh b\u1ea1ch trong c\u00e1ch x\u1eed l\u00fd d\u1eef li\u1ec7u c\u00f9ng v\u1edbi c\u00e1c bi\u1ec7n ph\u00e1p gi\u00e1m s\u00e1t ch\u1eb7t ch\u1ebd t\u1eeb c\u00e1c t\u1ed5 ch\u1ee9c uy t\u00edn ch\u00ednh l\u00e0 y\u1ebfu t\u1ed1 then ch\u1ed1t t\u1ea1o n\u00ean v\u1ecb th\u1ebf v\u1eefng ch\u1eafc c\u1ee7a <a href=\"https:\/\/fun88dt.com\/\" target=\"_blank\" rel=\"noopener\"><strong>FUN88<\/strong><\/a>.<\/p>\n<h2 style=\"text-align: justify;\"><strong>C\u00e1c n\u1ed9i dung c\u1ed1t l\u00f5i c\u1ee7a ch\u00ednh s\u00e1ch b\u1ea3o m\u1eadt FUN88<\/strong><\/h2>\n<figure id=\"attachment_92\" aria-describedby=\"caption-attachment-92\" style=\"width: 800px\" class=\"wp-caption aligncenter\"><img loading=\"lazy\" decoding=\"async\" class=\"wp-image-92 size-full\" src=\"https:\/\/fun88dt.com\/wp-content\/uploads\/2026\/04\/tim-hieu-cac-danh-muc-cua-chinh-sach-bao-mat-fun88.webp\" alt=\"T\u00ecm hi\u1ec3u c\u00e1c danh m\u1ee5c c\u1ee7a ch\u00ednh s\u00e1ch b\u1ea3o m\u1eadt FUN88\" width=\"800\" height=\"400\" srcset=\"https:\/\/fun88dt.com\/wp-content\/uploads\/2026\/04\/tim-hieu-cac-danh-muc-cua-chinh-sach-bao-mat-fun88.webp 800w, https:\/\/fun88dt.com\/wp-content\/uploads\/2026\/04\/tim-hieu-cac-danh-muc-cua-chinh-sach-bao-mat-fun88-300x150.webp 300w, https:\/\/fun88dt.com\/wp-content\/uploads\/2026\/04\/tim-hieu-cac-danh-muc-cua-chinh-sach-bao-mat-fun88-768x384.webp 768w\" sizes=\"auto, (max-width: 800px) 100vw, 800px\" \/><figcaption id=\"caption-attachment-92\" class=\"wp-caption-text\">T\u00ecm hi\u1ec3u c\u00e1c danh m\u1ee5c c\u1ee7a ch\u00ednh s\u00e1ch b\u1ea3o m\u1eadt FUN88<\/figcaption><\/figure>\n<p style=\"text-align: justify;\">Vi\u1ec7c n\u1eafm b\u1eaft t\u01b0\u1eddng t\u1eadn c\u00e1c \u0111i\u1ec1u kho\u1ea3n then ch\u1ed1t gi\u00fap ng\u01b0\u1eddi ch\u01a1i ch\u1ee7 \u0111\u1ed9ng ki\u1ec3m so\u00e1t th\u00f4ng tin c\u00e1 nh\u00e2n v\u00e0 tr\u00e1nh \u0111\u01b0\u1ee3c c\u00e1c r\u1ee7i ro ph\u00e1p l\u00fd kh\u00f4ng \u0111\u00e1ng c\u00f3 trong qu\u00e1 tr\u00ecnh giao d\u1ecbch. Nh\u1eefng quy \u0111\u1ecbnh n\u00e0y kh\u00f4ng ch\u1ec9 l\u00e0 ngh\u0129a v\u1ee5 c\u1ee7a \u0111\u01a1n v\u1ecb v\u1eadn h\u00e0nh m\u00e0 c\u00f2n l\u00e0 quy\u1ec1n l\u1ee3i tr\u1ef1c ti\u1ebfp m\u00e0 m\u1ecdi th\u00e0nh vi\u00ean c\u1ea7n th\u1ea5u hi\u1ec3u \u0111\u1ec3 b\u1ea3o v\u1ec7 t\u00e0i s\u1ea3n s\u1ed1 c\u1ee7a ch\u00ednh m\u00ecnh.<\/p>\n<h3 style=\"text-align: justify;\"><strong>L\u01b0u tr\u1eef d\u1eef li\u1ec7u \u0111i\u1ec7n t\u1eed<\/strong><\/h3>\n<p style=\"text-align: justify;\">H\u1ec7 th\u1ed1ng m\u00e1y ch\u1ee7 t\u1ea1i c\u00e1c trung t\u00e2m d\u1eef li\u1ec7u \u0111\u1ea1t chu\u1ea9n ISO\/IEC 27001 th\u1ef1c hi\u1ec7n vi\u1ec7c ph\u00e2n lo\u1ea1i v\u00e0 m\u00e3 h\u00f3a th\u00f4ng tin ng\u01b0\u1eddi d\u00f9ng ngay t\u1eeb th\u1eddi \u0111i\u1ec3m \u0111\u0103ng k\u00fd kh\u1edfi t\u1ea1o ban \u0111\u1ea7u. Quy tr\u00ecnh n\u00e0y \u00e1p d\u1ee5ng thu\u1eadt to\u00e1n RSA 2048-bit \u0111\u1ec3 \u0111\u1ea3m b\u1ea3o r\u1eb1ng ngay c\u1ea3 khi c\u00f3 s\u1ef1 c\u1ed1 k\u1ef9 thu\u1eadt x\u1ea3y ra, d\u1eef li\u1ec7u v\u1eabn \u1edf tr\u1ea1ng th\u00e1i kh\u00f4ng th\u1ec3 \u0111\u1ecdc \u0111\u01b0\u1ee3c b\u1edfi b\u1ea5t k\u1ef3 b\u00ean th\u1ee9 ba n\u00e0o.<\/p>\n<h3 style=\"text-align: justify;\"><strong>Quy\u1ec1n ri\u00eang t\u01b0 c\u1ee7a th\u00e0nh vi\u00ean<\/strong><\/h3>\n<p style=\"text-align: justify;\">M\u1ecdi th\u00f4ng tin li\u00ean quan \u0111\u1ebfn l\u1ecbch s\u1eed \u0111\u1eb7t c\u01b0\u1ee3c, s\u1ed1 d\u01b0 t\u00e0i kho\u1ea3n v\u00e0 c\u00e1c ho\u1ea1t \u0111\u1ed9ng t\u01b0\u01a1ng t\u00e1c tr\u00ean n\u1ec1n t\u1ea3ng \u0111\u1ec1u \u0111\u01b0\u1ee3c gi\u1eef k\u00edn ho\u00e0n to\u00e0n theo \u0111\u00fang c\u00e1c quy chu\u1ea9n qu\u1ed1c t\u1ebf v\u1ec1 b\u1ea3o h\u1ed9 quy\u1ec1n c\u00e1 nh\u00e2n. <strong>FUN88<\/strong> cam k\u1ebft kh\u00f4ng ti\u1ebft l\u1ed9 th\u00f4ng tin ng\u01b0\u1eddi ch\u01a1i cho c\u00e1c \u0111\u01a1n v\u1ecb ti\u1ebfp th\u1ecb b\u00ean ngo\u00e0i tr\u1eeb khi c\u00f3 y\u00eau c\u1ea7u b\u1eb1ng v\u0103n b\u1ea3n t\u1eeb c\u00e1c c\u01a1 quan ph\u00e1p lu\u1eadt c\u00f3 th\u1ea9m quy\u1ec1n li\u00ean quan.<\/p>\n<h3 style=\"text-align: justify;\"><strong>Tr\u00e1ch nhi\u1ec7m t\u1eeb ph\u00eda nh\u00e0 c\u00e1i<\/strong><\/h3>\n<p style=\"text-align: justify;\">\u0110\u01a1n v\u1ecb cung c\u1ea5p d\u1ecbch v\u1ee5 c\u00f3 ngh\u0129a v\u1ee5 c\u1eadp nh\u1eadt th\u01b0\u1eddng xuy\u00ean c\u00e1c b\u1ea3n v\u00e1 b\u1ea3o m\u1eadt v\u00e0 n\u00e2ng c\u1ea5p h\u1ea1 t\u1ea7ng m\u1ea1ng \u0111\u1ec3 \u0111\u1ed1i ph\u00f3 v\u1edbi nh\u1eefng h\u00ecnh th\u1ee9c t\u1ea5n c\u00f4ng m\u1ea1ng ng\u00e0y c\u00e0ng tinh vi. \u0110\u1ed3ng th\u1eddi, c\u00e1c chuy\u00ean gia an ninh h\u1ec7 th\u1ed1ng s\u1ebd ti\u1ebfn h\u00e0nh r\u00e0 so\u00e1t \u0111\u1ecbnh k\u1ef3 m\u1ed7i 6 th\u00e1ng m\u1ed9t l\u1ea7n nh\u1eb1m ph\u00e1t hi\u1ec7n s\u1edbm c\u00e1c l\u1ed7 h\u1ed5ng ti\u1ec1m \u1ea9n trong c\u1ea5u tr\u00fac v\u1eadn h\u00e0nh.<\/p>\n<p style=\"text-align: justify;\">D\u01b0\u1edbi \u0111\u00e2y l\u00e0 b\u1ea3ng th\u1ed1ng k\u00ea c\u00e1c th\u00f4ng s\u1ed1 k\u1ef9 thu\u1eadt \u0111\u01b0\u1ee3c \u00e1p d\u1ee5ng trong h\u1ec7 th\u1ed1ng an ninh hi\u1ec7n t\u1ea1i:<\/p>\n<h2 style=\"text-align: justify;\"><strong>C\u00e1ch th\u1ee9c th\u1ef1c thi ch\u00ednh s\u00e1ch b\u1ea3o m\u1eadt FUN88 khi giao d\u1ecbch<\/strong><\/h2>\n<figure id=\"attachment_91\" aria-describedby=\"caption-attachment-91\" style=\"width: 800px\" class=\"wp-caption aligncenter\"><img loading=\"lazy\" decoding=\"async\" class=\"wp-image-91 size-full\" src=\"https:\/\/fun88dt.com\/wp-content\/uploads\/2026\/04\/quy-trinh-nha-cai-ap-dung-cac-bien-phap-an-toan.webp\" alt=\"Quy tr\u00ecnh nh\u00e0 c\u00e1i \u00e1p d\u1ee5ng c\u00e1c bi\u1ec7n ph\u00e1p an to\u00e0n\" width=\"800\" height=\"400\" srcset=\"https:\/\/fun88dt.com\/wp-content\/uploads\/2026\/04\/quy-trinh-nha-cai-ap-dung-cac-bien-phap-an-toan.webp 800w, https:\/\/fun88dt.com\/wp-content\/uploads\/2026\/04\/quy-trinh-nha-cai-ap-dung-cac-bien-phap-an-toan-300x150.webp 300w, https:\/\/fun88dt.com\/wp-content\/uploads\/2026\/04\/quy-trinh-nha-cai-ap-dung-cac-bien-phap-an-toan-768x384.webp 768w\" sizes=\"auto, (max-width: 800px) 100vw, 800px\" \/><figcaption id=\"caption-attachment-91\" class=\"wp-caption-text\">Quy tr\u00ecnh nh\u00e0 c\u00e1i \u00e1p d\u1ee5ng c\u00e1c bi\u1ec7n ph\u00e1p an to\u00e0n<\/figcaption><\/figure>\n<p style=\"text-align: justify;\">M\u1ed7i thao t\u00e1c n\u1ea1p r\u00fat ti\u1ec1n hay thay \u0111\u1ed5i th\u00f4ng tin c\u00e1 nh\u00e2n \u0111\u1ec1u \u0111\u01b0\u1ee3c h\u1ec7 th\u1ed1ng ghi nh\u1eadn v\u00e0 x\u00e1c th\u1ef1c th\u00f4ng qua nhi\u1ec1u l\u1edbp ki\u1ec3m tra t\u1ef1 \u0111\u1ed9ng v\u00f4 c\u00f9ng kh\u1eaft khe. T\u00ednh b\u1ea3o m\u1eadt n\u00e0y \u0111\u01b0\u1ee3c duy tr\u00ec li\u00ean t\u1ee5c 24\/7 \u0111\u1ec3 \u0111\u1ea3m b\u1ea3o r\u1eb1ng kh\u00f4ng c\u00f3 b\u1ea5t k\u1ef3 l\u1ed7 h\u1ed5ng n\u00e0o c\u00f3 th\u1ec3 b\u1ecb khai th\u00e1c b\u1edfi c\u00e1c \u0111\u1ed1i t\u01b0\u1ee3ng x\u1ea5u trong m\u00f4i tr\u01b0\u1eddng tr\u1ef1c tuy\u1ebfn.<\/p>\n<h3 style=\"text-align: justify;\"><strong>X\u00e1c th\u1ef1c giao di\u1ec7n thanh to\u00e1n<\/strong><\/h3>\n<p style=\"text-align: justify;\">Khi ng\u01b0\u1eddi d\u00f9ng th\u1ef1c hi\u1ec7n c\u00e1c giao d\u1ecbch t\u00e0i ch\u00ednh, h\u1ec7 th\u1ed1ng s\u1ebd t\u1ef1 \u0111\u1ed9ng k\u00edch ho\u1ea1t m\u1ed9t k\u00eanh k\u1ebft n\u1ed1i ri\u00eang bi\u1ec7t \u0111\u00e3 \u0111\u01b0\u1ee3c m\u00e3 h\u00f3a \u0111\u1ec3 truy\u1ec1n t\u1ea3i th\u00f4ng tin ng\u00e2n h\u00e0ng. C\u00e1c m\u00e3 x\u00e1c th\u1ef1c OTP (One Time Password) \u0111\u01b0\u1ee3c g\u1eedi tr\u1ef1c ti\u1ebfp v\u1ec1 s\u1ed1 \u0111i\u1ec7n tho\u1ea1i ch\u00ednh ch\u1ee7 nh\u1eb1m x\u00e1c nh\u1eadn t\u00ednh h\u1ee3p l\u1ec7 c\u1ee7a l\u1ec7nh n\u1ea1p ho\u1eb7c r\u00fat ti\u1ec1n \u0111ang th\u1ef1c hi\u1ec7n.<\/p>\n<h3 style=\"text-align: justify;\"><strong>M\u00e3 h\u00f3a d\u1eef li\u1ec7u ng\u01b0\u1eddi d\u00f9ng<\/strong><\/h3>\n<p style=\"text-align: justify;\">C\u00f4ng ngh\u1ec7 SSL 256-bit \u0111\u01b0\u1ee3c tri\u1ec3n khai \u0111\u1ed3ng b\u1ed9 tr\u00ean to\u00e0n b\u1ed9 n\u1ec1n t\u1ea3ng gi\u00fap chuy\u1ec3n \u0111\u1ed5i c\u00e1c k\u00fd t\u1ef1 v\u0103n b\u1ea3n th\u00f4ng th\u01b0\u1eddng th\u00e0nh c\u00e1c chu\u1ed7i m\u00e3 ph\u1ee9c t\u1ea1p kh\u00f4ng th\u1ec3 gi\u1ea3i m\u00e3. \u0110i\u1ec1u n\u00e0y \u0111\u1ea3m b\u1ea3o r\u1eb1ng c\u00e1c th\u00f4ng tin nh\u01b0 m\u1eadt kh\u1ea9u \u0111\u0103ng nh\u1eadp hay s\u1ed1 th\u1ebb t\u00edn d\u1ee5ng lu\u00f4n \u0111\u01b0\u1ee3c bao b\u1ecdc b\u1edfi m\u1ed9t l\u1edbp &#8220;\u00e1o gi\u00e1p&#8221; k\u1ef9 thu\u1eadt s\u1ed1 v\u1eefng ch\u1eafc.<\/p>\n<h3 style=\"text-align: justify;\"><strong>Vai tr\u00f2 c\u1ee7a ch\u00ednh s\u00e1ch b\u1ea3o m\u1eadt FUN88<\/strong><\/h3>\n<p style=\"text-align: justify;\">S\u1ef1 hi\u1ec7n di\u1ec7n c\u1ee7a c\u00e1c quy \u0111\u1ecbnh an ninh n\u00e0y gi\u00fap lo\u1ea1i b\u1ecf ho\u00e0n to\u00e0n c\u00e1c h\u00e0nh vi gian l\u1eadn t\u00e0i ch\u00ednh ho\u1eb7c m\u1ea1o danh ng\u01b0\u1eddi d\u00f9ng \u0111\u1ec3 tr\u1ee5c l\u1ee3i b\u1ea5t ch\u00ednh t\u1eeb h\u1ec7 th\u1ed1ng. \u0110\u00e2y l\u00e0 n\u1ec1n t\u1ea3ng quan tr\u1ecdng \u0111\u1ec3 duy tr\u00ec s\u1ef1 \u1ed5n \u0111\u1ecbnh c\u1ee7a d\u00f2ng ti\u1ec1n v\u00e0 b\u1ea3o v\u1ec7 uy t\u00edn l\u00e2u d\u00e0i c\u1ee7a th\u01b0\u01a1ng hi\u1ec7u trong l\u00f2ng c\u1ed9ng \u0111\u1ed3ng ng\u01b0\u1eddi ch\u01a1i c\u00e1 c\u01b0\u1ee3c.<\/p>\n<h3 style=\"text-align: justify;\"><strong>Ki\u1ec3m so\u00e1t truy c\u1eadp tr\u00e1i ph\u00e9p<\/strong><\/h3>\n<p style=\"text-align: justify;\">H\u1ec7 th\u1ed1ng gi\u00e1m s\u00e1t th\u00f4ng minh s\u1ebd t\u1ef1 \u0111\u1ed9ng g\u1eedi c\u1ea3nh b\u00e1o v\u00e0 t\u1ea1m kh\u00f3a t\u00e0i kho\u1ea3n n\u1ebfu ph\u00e1t hi\u1ec7n c\u00e1c d\u1ea5u hi\u1ec7u \u0111\u0103ng nh\u1eadp b\u1ea5t th\u01b0\u1eddng t\u1eeb c\u00e1c \u0111\u1ecba ch\u1ec9 IP l\u1ea1 ho\u1eb7c c\u00e1c v\u00f9ng \u0111\u1ecba l\u00fd kh\u00e1c nhau. Bi\u1ec7n ph\u00e1p n\u00e0y gi\u00fap ng\u0103n ch\u1eb7n k\u1ecbp th\u1eddi c\u00e1c n\u1ed7 l\u1ef1c x\u00e2m nh\u1eadp t\u00e0i kho\u1ea3n t\u1eeb nh\u1eefng tin t\u1eb7c mu\u1ed1n chi\u1ebfm \u0111o\u1ea1t t\u00e0i s\u1ea3n c\u1ee7a h\u1ed9i vi\u00ean m\u1ed9t c\u00e1ch phi ph\u00e1p.<\/p>\n<h2 style=\"text-align: justify;\"><strong>Quy\u1ec1n l\u1ee3i h\u1ed9i vi\u00ean trong ch\u00ednh s\u00e1ch b\u1ea3o m\u1eadt FUN88<\/strong><\/h2>\n<figure id=\"attachment_93\" aria-describedby=\"caption-attachment-93\" style=\"width: 800px\" class=\"wp-caption aligncenter\"><img loading=\"lazy\" decoding=\"async\" class=\"wp-image-93 size-full\" src=\"https:\/\/fun88dt.com\/wp-content\/uploads\/2026\/04\/chinh-sach-dam-bao-quyen-loi-hoi-vien-toi-uu.webp\" alt=\"Ch\u00ednh s\u00e1ch \u0111\u1ea3m b\u1ea3o quy\u1ec1n l\u1ee3i h\u1ed9i vi\u00ean t\u1ed1i \u01b0u\" width=\"800\" height=\"400\" srcset=\"https:\/\/fun88dt.com\/wp-content\/uploads\/2026\/04\/chinh-sach-dam-bao-quyen-loi-hoi-vien-toi-uu.webp 800w, https:\/\/fun88dt.com\/wp-content\/uploads\/2026\/04\/chinh-sach-dam-bao-quyen-loi-hoi-vien-toi-uu-300x150.webp 300w, https:\/\/fun88dt.com\/wp-content\/uploads\/2026\/04\/chinh-sach-dam-bao-quyen-loi-hoi-vien-toi-uu-768x384.webp 768w\" sizes=\"auto, (max-width: 800px) 100vw, 800px\" \/><figcaption id=\"caption-attachment-93\" class=\"wp-caption-text\">Ch\u00ednh s\u00e1ch \u0111\u1ea3m b\u1ea3o quy\u1ec1n l\u1ee3i h\u1ed9i vi\u00ean t\u1ed1i \u01b0u<\/figcaption><\/figure>\n<p style=\"text-align: justify;\">Ng\u01b0\u1eddi d\u00f9ng c\u00f3 to\u00e0n quy\u1ec1n y\u00eau c\u1ea7u cung c\u1ea5p th\u00f4ng tin v\u1ec1 c\u00e1ch th\u1ee9c d\u1eef li\u1ec7u c\u1ee7a h\u1ecd \u0111ang \u0111\u01b0\u1ee3c x\u1eed l\u00fd ho\u1eb7c \u0111\u1ec1 ngh\u1ecb ch\u1ec9nh s\u1eeda nh\u1eefng sai s\u00f3t trong h\u1ed3 s\u01a1 c\u00e1 nh\u00e2n. Nh\u1eefng quy t\u1eafc n\u00e0y t\u1ea1o n\u00ean m\u1ed9t m\u00f4i tr\u01b0\u1eddng gi\u1ea3i tr\u00ed c\u00f4ng b\u1eb1ng, n\u01a1i m\u00e0 s\u1ef1 minh b\u1ea1ch th\u00f4ng tin \u0111\u01b0\u1ee3c \u0111\u1eb7t l\u00ean h\u00e0ng \u0111\u1ea7u \u0111\u1ec3 c\u1ee7ng c\u1ed1 ni\u1ec1m tin gi\u1eefa hai b\u00ean trong qu\u00e1 tr\u00ecnh h\u1ee3p t\u00e1c gi\u1ea3i tr\u00ed.<\/p>\n<p style=\"text-align: justify;\">C\u00e1c \u0111i\u1ec1u kho\u1ea3n c\u1ee5 th\u1ec3 m\u00e0 ng\u01b0\u1eddi tham gia c\u1ea7n \u0111\u1eb7c bi\u1ec7t l\u01b0u t\u00e2m bao g\u1ed3m nh\u1eefng n\u1ed9i dung sau \u0111\u00e2y:<\/p>\n<ul style=\"text-align: justify;\">\n<li>Quy\u1ec1n truy c\u1eadp v\u00e0 y\u00eau c\u1ea7u tr\u00edch xu\u1ea5t d\u1eef li\u1ec7u c\u00e1 nh\u00e2n \u0111\u00e3 cung c\u1ea5p cho h\u1ec7 th\u1ed1ng \u0111\u1ec3 ki\u1ec3m tra t\u00ednh ch\u00ednh x\u00e1c c\u1ee7a c\u00e1c th\u00f4ng tin l\u01b0u tr\u1eef.<\/li>\n<li>Y\u00eau c\u1ea7u h\u1ec7 th\u1ed1ng ng\u1eebng x\u1eed l\u00fd ho\u1eb7c x\u00f3a b\u1ecf v\u0129nh vi\u1ec5n d\u1eef li\u1ec7u n\u1ebfu ng\u01b0\u1eddi ch\u01a1i quy\u1ebft \u0111\u1ecbnh ng\u1eebng s\u1eed d\u1ee5ng d\u1ecbch v\u1ee5 v\u00e0 ch\u1ea5m d\u1ee9t m\u1ecdi li\u00ean k\u1ebft v\u1edbi nh\u00e0 c\u00e1i.<\/li>\n<li>Cung c\u1ea5p c\u00e1c th\u00f4ng tin li\u00ean quan \u0111\u1ebfn vi\u1ec7c thay \u0111\u1ed5i c\u00f4ng ngh\u1ec7 m\u00e3 h\u00f3a ho\u1eb7c c\u00e1c c\u1eadp nh\u1eadt m\u1edbi nh\u1ea5t trong <strong>ch\u00ednh s\u00e1ch b\u1ea3o m\u1eadt FUN88<\/strong> th\u00f4ng qua email ho\u1eb7c th\u00f4ng b\u00e1o tr\u1ef1c ti\u1ebfp.<\/li>\n<li>\u0110\u01b0\u1ee3c h\u1ed7 tr\u1ee3 k\u1ef9 thu\u1eadt k\u1ecbp th\u1eddi t\u1eeb \u0111\u1ed9i ng\u0169 chuy\u00ean gia an ninh m\u1ea1ng trong tr\u01b0\u1eddng h\u1ee3p t\u00e0i kho\u1ea3n c\u00f3 d\u1ea5u hi\u1ec7u b\u1ecb \u0111e d\u1ecda ho\u1eb7c b\u1ecb t\u1ea5n c\u00f4ng b\u1edfi c\u00e1c t\u00e1c nh\u00e2n b\u00ean ngo\u00e0i.<\/li>\n<li>Nh\u1eadn th\u00f4ng b\u00e1o minh b\u1ea1ch v\u1ec1 m\u1ee5c \u0111\u00edch s\u1eed d\u1ee5ng cookie \u0111\u1ec3 c\u1ea3i thi\u1ec7n tr\u1ea3i nghi\u1ec7m ng\u01b0\u1eddi d\u00f9ng m\u00e0 kh\u00f4ng x\u00e2m ph\u1ea1m s\u00e2u v\u00e0o quy\u1ec1n t\u1ef1 do c\u00e1 nh\u00e2n tr\u00ean kh\u00f4ng gian m\u1ea1ng.<\/li>\n<li>Quy\u1ec1n t\u1eeb ch\u1ed1i c\u00e1c ch\u01b0\u01a1ng tr\u00ecnh khuy\u1ebfn m\u00e3i ho\u1eb7c nh\u1eadn tin t\u1ee9c qu\u1ea3ng c\u00e1o n\u1ebfu c\u1ea3m th\u1ea5y b\u1ecb l\u00e0m phi\u1ec1n b\u1edfi c\u00e1c lu\u1ed3ng th\u00f4ng tin kh\u00f4ng mong mu\u1ed1n t\u1eeb h\u1ec7 th\u1ed1ng.<\/li>\n<\/ul>\n<p style=\"text-align: justify;\">S\u1ef1 tu\u00e2n th\u1ee7 nghi\u00eam ng\u1eb7t c\u00e1c quy t\u1eafc n\u00e0y gi\u00fap \u0111\u1ea3m b\u1ea3o r\u1eb1ng <strong>ch\u00ednh s\u00e1ch b\u1ea3o m\u1eadt FUN88<\/strong> kh\u00f4ng ch\u1ec9 l\u00e0 nh\u1eefng d\u00f2ng ch\u1eef tr\u00ean gi\u1ea5y m\u00e0 l\u00e0 m\u1ed9t c\u01a1 ch\u1ebf v\u1eadn h\u00e0nh th\u1ef1c ti\u1ec5n hi\u1ec7u qu\u1ea3. Qua \u0111\u00f3, h\u1ed9i vi\u00ean ho\u00e0n to\u00e0n c\u00f3 th\u1ec3 t\u1eadp trung v\u00e0o nh\u1eefng chi\u1ebfn thu\u1eadt c\u00e1 c\u01b0\u1ee3c \u0111\u1ec9nh cao m\u00e0 kh\u00f4ng c\u1ea7n lo l\u1eafng v\u1ec1 s\u1ef1 an to\u00e0n c\u1ee7a t\u00e0i kho\u1ea3n hay c\u00e1c giao d\u1ecbch t\u00e0i ch\u00ednh c\u00e1 nh\u00e2n.<\/p>\n<h2 style=\"text-align: justify;\"><strong>K\u1ebft lu\u1eadn v\u1ec1 ch\u00ednh s\u00e1ch b\u1ea3o m\u1eadt FUN88<\/strong><\/h2>\n<p style=\"text-align: justify;\"><strong>Ch\u00ednh s\u00e1ch b\u1ea3o m\u1eadt FUN88<\/strong> l\u00e0 minh ch\u1ee9ng r\u00f5 n\u00e9t nh\u1ea5t cho s\u1ef1 chuy\u00ean nghi\u1ec7p v\u00e0 uy t\u00edn v\u01b0\u1ee3t tr\u1ed9i c\u1ee7a th\u01b0\u01a1ng hi\u1ec7u trong vi\u1ec7c b\u1ea3o v\u1ec7 c\u1ed9ng \u0111\u1ed3ng ng\u01b0\u1eddi ch\u01a1i tr\u01b0\u1edbc m\u1ecdi th\u00e1ch th\u1ee9c an ninh. Vi\u1ec7c x\u00e2y d\u1ef1ng m\u1ed9t h\u1ec7 sinh th\u00e1i an to\u00e0n kh\u00f4ng ch\u1ec9 l\u00e0 m\u1ee5c ti\u00eau k\u1ef9 thu\u1eadt m\u00e0 c\u00f2n l\u00e0 kim ch\u1ec9 nam cho m\u1ecdi ho\u1ea1t \u0111\u1ed9ng kinh doanh b\u1ec1n v\u1eefng c\u1ee7a h\u1ec7 th\u1ed1ng. H\u00e3y truy c\u1eadp ngay v\u00e0o <strong>FUN88<\/strong> \u0111\u1ec3 t\u1eadn h\u01b0\u1edfng c\u1ea3m gi\u00e1c gi\u1ea3i tr\u00ed an to\u00e0n v\u00e0 \u0111\u1ec9nh cao nh\u1ea5t hi\u1ec7n nay.<\/p>\n","protected":false},"excerpt":{"rendered":"<p>Ch\u00ednh s\u00e1ch b\u1ea3o m\u1eadt FUN88 \u0111\u1ea1i di\u1ec7n cho cam k\u1ebft ki\u00ean \u0111\u1ecbnh c\u1ee7a nh\u00e0 c\u00e1i trong vi\u1ec7c ki\u1ebfn t\u1ea1o m\u1ed9t m\u00f4i tr\u01b0\u1eddng gi\u1ea3i tr\u00ed tr\u1ef1c tuy\u1ebfn l\u00e0nh m\u1ea1nh v\u00e0 an to\u00e0n tuy\u1ec7t \u0111\u1ed1i tr\u01b0\u1edbc nh\u1eefng nguy c\u01a1 an ninh m\u1ea1ng. B\u1eb1ng c\u00e1ch \u00e1p d\u1ee5ng c\u00e1c giao th\u1ee9c k\u1ef9 thu\u1eadt ti\u00ean ti\u1ebfn nh\u1ea5t hi\u1ec7n nay, h\u1ec7 [&#8230;]\n","protected":false},"author":1,"featured_media":90,"parent":0,"menu_order":0,"comment_status":"closed","ping_status":"closed","template":"","meta":{"footnotes":""},"class_list":["post-111","page","type-page","status-publish","has-post-thumbnail","hentry"],"_links":{"self":[{"href":"https:\/\/fun88dt.com\/index.php\/wp-json\/wp\/v2\/pages\/111","targetHints":{"allow":["GET"]}}],"collection":[{"href":"https:\/\/fun88dt.com\/index.php\/wp-json\/wp\/v2\/pages"}],"about":[{"href":"https:\/\/fun88dt.com\/index.php\/wp-json\/wp\/v2\/types\/page"}],"author":[{"embeddable":true,"href":"https:\/\/fun88dt.com\/index.php\/wp-json\/wp\/v2\/users\/1"}],"replies":[{"embeddable":true,"href":"https:\/\/fun88dt.com\/index.php\/wp-json\/wp\/v2\/comments?post=111"}],"version-history":[{"count":1,"href":"https:\/\/fun88dt.com\/index.php\/wp-json\/wp\/v2\/pages\/111\/revisions"}],"predecessor-version":[{"id":115,"href":"https:\/\/fun88dt.com\/index.php\/wp-json\/wp\/v2\/pages\/111\/revisions\/115"}],"wp:featuredmedia":[{"embeddable":true,"href":"https:\/\/fun88dt.com\/index.php\/wp-json\/wp\/v2\/media\/90"}],"wp:attachment":[{"href":"https:\/\/fun88dt.com\/index.php\/wp-json\/wp\/v2\/media?parent=111"}],"curies":[{"name":"wp","href":"https:\/\/api.w.org\/{rel}","templated":true}]}}